pose l - 3*l + p = 0. What is the units digit of l?
2
Let n(s) = s**3 - 2*s**2 - 4. Let q be n(2). What is the tens digit of 7 + q + 1*43*1?
4
Let n(s) = s - 17. Let h(w) = -w**3 - 11*w**2 - 2*w. Let g be h(-11). What is the units digit of n(g)?
5
Suppose 65*n - 241747 = -35762. What is the hundreds digit of n?
1
Suppose -6*t + 25 = -t. Suppose -3*w + 6 = 0, 0*w - 2*w - t = 3*b. What is the tens digit of 43 + (b - -3) - -2?
4
Let q = -1430 - -2902. What is the hundreds digit of q?
4
Let g(l) = 28*l**2 + l - 1. Let y be g(3). Let b = 383 - y. What is the units digit of b?
9
What is the hundreds digit of (-5546)/(-12) + 1 + (-10)/60?
4
Let o(k) = -k - 1. Let r be o(-5). Suppose -s = s - j - 28, -s - 4*j - r = 0. Suppose 5*m = 3*v + 1, v + 4*m + 1 - s = 0. What is the units digit of v?
3
Suppose -3*g + 122 + 49 = 0. Suppose 3*j = 2*j + 1, 0 = 5*o - 3*j - g. What is the units digit of o?
2
Let a(x) = -x**3 - 3*x**2 - 4*x - 5. Suppose -3*o - 13 = -4. What is the units digit of a(o)?
7
Let d = 2835 - 826. What is the units digit of d?
9
Suppose 0 = 19*z - 10*z - 3456. What is the hundreds digit of z?
3
Let x(s) = -s**3 + 8*s**2 + 4*s + 4. Let p = 4 + 4. Let o be x(p). Suppose -14 = -2*t + o. What is the units digit of t?
5
Let u be 20/8*11/(55/6). Suppose 216 + 69 = u*g. What is the tens digit of g?
9
Suppose 5*a - 3*k = k - 5, -3*k = 0. Let p = a - -33. What is the units digit of p?
2
Let o(h) = -1422*h + 25. What is the tens digit of o(-1)?
4
Let r(a) = -268*a - 2. What is the units digit of r(-1)?
6
Suppose -2*g + 9339 = g. Let k be (-6)/10 - g/(-55). What is the tens digit of (9/6)/(2/k)?
4
Let k = 1738 + 829. What is the thousands digit of k?
2
Let y = -18 - -20. Suppose 3*o - 3*z + 9 = 2*o, 4*z = -y*o + 22. What is the units digit of o?
3
Suppose 2*u - h - 1846 = h, h + 2765 = 3*u. What is the units digit of u?
1
Let f = 16 - 13. Suppose i + f*i - 4*o - 344 = 0, 3*o - 276 = -3*i. What is the tens digit of i?
8
Let n = -715 - -1361. What is the hundreds digit of n?
6
Let c(y) = y**2 - 4*y + 15. Let x be c(4). What is the tens digit of (-36*x)/(-4) - (2 + 2)?
3
Let c(l) = -3*l**3 + 21*l**2 - 12*l + 2. What is the units digit of c(6)?
8
Let x(p) = 10*p + 1346. What is the thousands digit of x(0)?
1
Let f be (6/8)/((-14)/(-56)). Suppose -r = -f*r + v + 528, -269 = -r + 3*v. Suppose 3*q + 4*i = 192, 4*i - r = -4*q + i. What is the tens digit of q?
6
Let s be (-6)/21 + 2/7. Suppose s = 9*f - 4*f. Suppose 4*u - 3*u - 25 = f. What is the units digit of u?
5
Let x = -8 - -9. Let i(v) = 3*v**2 - 2*v + 1. Let z be i(x). Suppose -5*w - 5*n + 30 = -z*n, 3*n = 5*w. What is the units digit of w?
3
Let p(n) = n + 86. What is the units digit of p(-11)?
5
Let k(v) = -10*v. Let c be k(-1). Let j(y) be the first derivative of y**3/3 - 9*y**2/2 + 5*y + 11. What is the tens digit of j(c)?
1
Suppose 0 = 29*d - 16*d - 51896. What is the units digit of d?
2
Suppose -10*a + 4640 = -2040. What is the hundreds digit of a?
6
Let v(o) = -6*o**3 + 4*o**2 + 8*o - 3. Let a(z) = -z**2 - z. Let q(y) = -4*a(y) - v(y). What is the tens digit of q(2)?
4
Suppose -n - 2*k - 42 = -1223, 5*n - 2*k = 5917. Suppose -4*p - t + n = -4*t, -p = 2*t - 282. What is the hundreds digit of p?
2
Suppose 4*y - y = 4*u + 82, -4*u + 2*y = 80. Let p = 29 + u. Suppose p*z - 9*z - 36 = 0. What is the tens digit of z?
3
Let u be (-69)/(-92) - 10/(-8). What is the units digit of ((-1)/u)/(9/(-252))?
4
Let f(q) = -q**3 - 4*q**2 - 2*q. Let j be f(-2). Let r(u) = 8*u**2 - 5*u - 1. What is the tens digit of r(j)?
4
Let q(t) = -130*t + 257. What is the tens digit of q(-6)?
3
Let a(z) = 2*z + 2. Let f(m) = -m - 1. Let b(g) = 3*a(g) + 4*f(g). What is the units digit of b(3)?
8
Let b be (4 - (9 - -2))*-1. Let l = b + 68. What is the tens digit of l?
7
Let z be 0 + (-270)/(-2) - -3. Let r = z + -94. What is the units digit of r?
4
Suppose -2*n + w + 0*w = -88, 3*n + w - 122 = 0. What is the units digit of n?
2
Let b(d) = 2*d**2 - 7*d - 5. Let t = -3 - -9. Let f be b(t). Suppose -o = -s + o + 5, -3*o = s - f. What is the tens digit of s?
1
Let b(s) = s**3 + 5*s**2 + 21*s - 23. What is the tens digit of b(8)?
7
Suppose 34*u + 7267 = 47*u. What is the tens digit of u?
5
Let h = 82 + -54. Let t = h - 30. What is the units digit of (-6)/(t/((-340)/(-15)))?
8
Let h be (-18)/(-8) + 6/(-24). Let b be h/10 - 320/(-25). Suppose -3*t + b + 20 = 0. What is the units digit of t?
1
Let s(l) = 4*l**3 - 2*l**2 - 4*l - 5. What is the tens digit of s(5)?
2
What is the hundreds digit of -1 - 2 - -1 - (-5402)/2?
6
What is the hundreds digit of -3*3*(-2520)/54?
4
Suppose -63151 = 62*j - 73*j. What is the tens digit of j?
4
Let p(r) = -10*r + 10. Let w be p(-8). Let v = 46 - 108. Let k = v + w. What is the tens digit of k?
2
Suppose -693*y + 627 = -690*y. What is the hundreds digit of y?
2
Let v be -23 - -17 - (-5)/(10/12). Let g be 9/2 + (-1)/2. Suppose -38 = -k - 2*u, v*u + u = g*k - 170. What is the tens digit of k?
4
What is the units digit of ((-236)/5)/(9/675*-3)?
0
Suppose -7 + 75 = 2*j. Let d be (3 - -4)/1 - 3. Suppose -j = -d*i + 6. What is the tens digit of i?
1
Suppose -347 = -4*a + m, 3*a - m = 158 + 103. What is the units digit of a?
6
Let n(y) = 2*y**2 + 6*y - 1. Let m(t) = -t**2 + 5*t - 4. Let r be m(5). Let g(o) = o - 1. Let b be g(r). What is the units digit of n(b)?
9
Let d(z) = 14*z**2 - z. Let p be d(-1). Let t = p + -15. Suppose -4*o + 2*w + 18 + 30 = t, 4*o - 3*w - 50 = 0. What is the units digit of o?
1
Let g = -8 + 13. Suppose -3*f + 2*d = -2*d - 127, -221 = -g*f + 2*d. Suppose 0 = -5*y + 140 - f. What is the units digit of y?
9
Let r(b) = 1293*b**2 - 26*b + 36. What is the tens digit of r(2)?
5
Suppose 2*z = 10 + 4. Suppose z*f - 34 = 6*f. Let h = -6 + f. What is the tens digit of h?
2
Let p(n) = -3 - 8*n**2 + 66*n**2 + 2. Let l be p(1). Let h = -32 + l. What is the tens digit of h?
2
Let j be 37/(-3) - 40/(-30). Let p = j - -38. What is the tens digit of p?
2
Suppose 340 + 745 = 7*x. What is the tens digit of x?
5
Let d(q) = 325*q - 110. What is the units digit of d(3)?
5
Let o(b) = 10*b - 2. Suppose 21 = 6*d - 9. What is the tens digit of o(d)?
4
Let j = 3 + 0. Suppose -5*m - g + 1371 = 0, j*m - 6*m - 2*g + 824 = 0. What is the tens digit of m?
7
Let f = 165 + -111. What is the units digit of ((-422)/6)/((-18)/f)?
1
Let w = 2381 + -1752. What is the hundreds digit of w?
6
Let p be 1/(-2)*0/12. What is the units digit of 2/(-5) - p - 572/(-5)?
4
Let s be 6*201/6 + 3. Suppose -s - 33 = -3*k. What is the units digit of k?
9
Suppose -5*x = 3*c - 89, -2*x + 34 - 4 = 4*c. Suppose -x + 55 = 6*v. Suppose 3*i + v - 30 = 0. What is the units digit of i?
8
Let y be (11/(-22))/((-2)/56). Let t be (360/(-63))/((-4)/y). What is the tens digit of (-3)/(-4) - (-365)/t?
1
Suppose -9 = -2*j - 1. Suppose j*f = 3*f + 313. What is the hundreds digit of f?
3
Let w(p) = -p**3 + 14*p**2 + 21*p + 17. What is the tens digit of w(13)?
5
Suppose v + 5*v - 12 = 0. Let k(b) = 5*b - 9. Let h(y) = 3*y - 6. Let x(s) = -8*h(s) + 5*k(s). What is the units digit of x(v)?
5
Let z = 454 + 111. What is the hundreds digit of z?
5
Suppose 2*q - 12 = -2*q + 2*l, 10 = -5*l. What is the units digit of (31 - 32)*(-2)/q?
1
Suppose -3*p - 1 = o, 3*o - 4*p + 29 = -0*o. Let l be 12 + 0 + (-2)/(-4)*2. Let m = l - o. What is the units digit of m?
0
Let j(h) be the first derivative of -h**4/4 - h**3 + 5*h**2/2 - 7*h - 5. Let m be j(-5). Suppose 0 = 4*x + 2 - m. What is the units digit of x?
4
Let t(y) = -6*y**3 - 4*y**2 + 21*y + 91. What is the hundreds digit of t(-6)?
1
Suppose -562*d = -560*d - 4110. What is the tens digit of d?
5
Let q = 7 - 5. Suppose 3*h - 48 = -h + 4*z, -q*h - 5*z = -10. Let f(l) = 3*l - 4. What is the units digit of f(h)?
6
Let w(z) = 312*z + 12. What is the tens digit of w(1)?
2
What is the units digit of 861462/297 - (-12)/(-22)?
0
Let u(n) = 9*n**2 + 11*n + 27. What is the hundreds digit of u(-8)?
5
Let p(v) be the third derivative of 1/12*v**4 - 1/12*v**6 - 4*v**2 + 1/30*v**5 + 0*v + 0 + 1/6*v**3. What is the units digit of p(-1)?
1
Suppose -17*a = -48506 + 3813. What is the thousands digit of a?
2
Suppose 0*j + 3*j = 5*x - 34, x - 2*j - 11 = 0. Suppose -2*l = -x*v + 18 - 138, 84 = -4*v + 4*l. Let q = v + 49. What is the units